5623 is divided by 586.
577
What is the remainder when 404872 is divided by 249?
247
Calculate the remainder when 231020 is divided by 259.
251
Calculate the remainder when 25738 is divided by 384.
10
What is the remainder when 1018 is divided by 4?
2
Calculate the remainder when 30264 is divided by 2320.
104
Calculate the remainder when 460042 is divided by 6.
4
Calculate the remainder when 2388 is divided by 386.
72
Calculate the remainder when 2657 is divided by 221.
5
What is the remainder when 1698 is divided by 383?
166
Calculate the remainder when 4165 is divided by 150.
115
Calculate the remainder when 2029 is divided by 493.
57
Calculate the remainder when 13911 is divided by 214.
1
What is the remainder when 2337 is divided by 788?
761
Calculate the remainder when 7886 is divided by 93.
74
Calculate the remainder when 31964 is divided by 2471.
2312
What is the remainder when 123119 is divided by 10?
9
What is the remainder when 6442 is divided by 207?
25
Calculate the remainder when 3640053 is divided by 1128.
1125
Calculate the remainder when 61204 is divided by 1004.
964
What is the remainder when 16650 is divided by 1042?
1020
What is the remainder when 3698 is divided by 15?
8
What is the remainder when 157393 is divided by 105?
103
Calculate the remainder when 727 is divided by 15.
7
What is the remainder when 12257 is divided by 19?
2
What is the remainder when 2813 is divided by 465?
23
What is the remainder when 300885 is divided by 597?
594
Calculate the remainder when 25652 is divided by 35.
32
Calculate the remainder when 3944 is divided by 187.
17
Calculate the remainder when 1405 is divided by 1024.
381
What is the remainder when 4405 is divided by 6?
1
What is the remainder when 6462 is divided by 285?
192
What is the remainder when 2209 is divided by 109?
29
Calculate the remainder when 9492 is divided by 426.
120
What is the remainder when 865 is divided by 2?
1
What is the remainder when 56281 is divided by 18754?
19
What is the remainder when 1096 is divided by 349?
49
What is the remainder when 7766 is divided by 1548?
26
What is the remainder when 173515 is divided by 47?
38
What is the remainder when 99069 is divided by 128?
125
Calculate the remainder when 3979432 is divided by 43.
40
Calculate the remainder when 10606 is divided by 702.
76
Calculate the remainder when 8715 is divided by 2902.
9
What is the remainder when 121966 is divided by 611?
377
What is the remainder when 478 is divided by 130?
88
What is the remainder when 29821 is divided by 4256?
29
What is the remainder when 443184 is divided by 107?
97
What is the remainder when 61450 is divided by 2568?
2386
What is the remainder when 4820 is divided by 800?
20
Calculate the remainder when 15802 is divided by 203.
171
Calculate the remainder when 15844 is divided by 797.
701
Calculate the remainder when 1008195 is divided by 47.
45
Calculate the remainder when 6723 is divided by 38.
35
Calculate the remainder when 46013 is divided by 45996.
17
What is the remainder when 492 is divided by 92?
32
What is the remainder when 738702 is divided by 8?
6
What is the remainder when 86103 is divided by 713?
543
Calculate the remainder when 168470 is divided by 57.
35
What is the remainder when 165108 is divided by 10?
8
What is the remainder when 846 is divided by 71?
65
What is the remainder when 15415 is divided by 416?
23
Calculate the remainder when 188727 is divided by 405.
402
Calculate the remainder when 16476 is divided by 1491.
75
What is the remainder when 880055 is divided by 719?
718
What is the remainder when 206961 is divided by 1040?
1
What is the remainder when 7037 is divided by 67?
2
What is the remainder when 2317 is divided by 2069?
248
Calculate the remainder when 227 is divided by 3.
2
Calculate the remainder when 11705 is divided by 132.
89
Calculate the remainder when 2836 is divided by 256.
20
Calculate the remainder when 1494 is divided by 463.
105
What is the remainder when 1111 is divided by 190?
161
What is the remainder when 6998 is divided by 126?
68
What is the remainder when 4536 is divided by 6?
0
Calculate the remainder when 188156 is divided by 392.
388
What is the remainder when 41564 is divided by 51?
50
Calculate the remainder when 245986 is divided by 122990.
6
Calculate the remainder when 1864279 is divided by 190.
189
What is the remainder when 26764 is divided by 194?
186
What is the remainder when 18766 is divided by 29?
3
What is the remainder when 55291 is divided by 16?
11
What is the remainder when 1668922 is divided by 277?
274
What is the remainder when 435464 is divided by 45?
44
Calculate the remainder when 443 is divided by 295.
148
Calculate the remainder when 6586 is divided by 14.
6
Calculate the remainder when 2965 is divided by 279.
175
What is the remainder when 1864505 is divided by 621500?
5
What is the remainder when 23719 is divided by 112?
87
Calculate the remainder when 44216 is divided by 660.
656
What is the remainder when 185878 is divided by 37175?
3
What is the remainder when 1502 is divided by 167?
166
Calculate the remainder when 6254 is divided by 230.
44
Calculate the remainder when 8579 is divided by 4287.
5
Calculate the remainder when 4107 is divided by 984.
171
What is the remainder when 238523 is divided by 79496?
35
Calculate the remainder when 35319 is divided by 1962.
3
What is the remainder when 15470 is divided by 277?
235
What is the remainder when 493432 is divided by 10?
2
What is the remainder when 53420 is divided by 18?
14
What is the remainder when 13768 is divided by 2162?
796
What is the remainder when 2212 is divided by 159?
145
What is the remainder when 1601 is divided by 47?
3
Calculate the remainder when 11239 is divided by 1028.
959
What is the remainder when 28007 is divided by 1271?
45
Calculate the remainder when 34014 is divided by 357.
99
Calculate the remainder when 2280 is divided by 595.
495
What is the remainder when 146988 is divided by 73488?
12
What is the remainder when 650 is divided by 55?
45
What is the remainder when 2107 is divided by 8?
3
Calculate the remainder when 1974181 is divided by 179.
169
Calculate the remainder when 2355 is divided by 466.
25
What is the remainder when 14934 is divided by 649?
7
What is the remainder when 23069 is divided by 164?
109
Calculate the remainder when 2779 is divided by 56.
35
What is the remainder when 543 is divided by 211?
121
Calculate the remainder when 53358 is divided by 104.
6
Calculate the remainder when 1987 is divided by 107.
61
What is the remainder when 1428411 is divided by 115?
111
What is the remainder when 46640 is divided by 5828?
16
Calculate the remainder when 9505 is divided by 170.
155
Calculate the remainder when 202792 is divided by 22.
18
Calculate the remainder when 22538 is divided by 72.
2
Calculate the remainder when 70417 is divided by 365.
337
What is the remainder when 20251 is divided by 20244?
7
What is the remainder when 6163 is divided by 6113?
50
Calculate the remainder when 16202 is divided by 6.
2
Calculate the remainder when 9135 is divided by 24.
15
What is the remainder when 808022 is divided by 46?
32
Calculate the remainder when 971 is divided by 797.
174
Calculate the remainder when 27358 is divided by 6835.
18
What is the remainder when 2779 is divided by 685?
39
What is the remainder when 58723 is divided by 9?
7
What is the remainder when 24374 is divided by 459?
47
What is the remainder when 41498 is divided by 5925?
23
Calculate the remainder when 7162 is divided by 93.
1
Calculate the remainder when 1423 is divided by 1407.
16
Calculate the remainder when 51697 is divided by 51694.
3
Calculate the remainder when 57449 is divided by 75.
74
Calculate the remainder when 118 is divided by 76.
42
What is the remainder when 3046 is divided by 520?
446
Calculate the remainder when 16134 is divided by 949.
1
What is the remainder when 18205 is divided by 4549?
9
Calculate the remainder when 13594 is divided by 1728.
1498
Calculate the remainder when 28668 is divided by 28666.
2
What is the remainder when 28940 is divided by 205?
35
Calculate the remainder when 3504 is divided by 30.
24
What is the remainder when 2093 is divided by 94?
25
What is the remainder 